{"id":1751,"date":"2024-10-17T08:44:40","date_gmt":"2024-10-17T14:44:40","guid":{"rendered":"https:\/\/grupopiasa.com\/newsite\/?page_id=1751"},"modified":"2024-10-17T08:45:07","modified_gmt":"2024-10-17T14:45:07","slug":"privacy-notice","status":"publish","type":"page","link":"https:\/\/grupopiasa.com\/newsite\/en\/privacy-notice\/","title":{"rendered":"Privacy Notice"},"content":{"rendered":"\n<p>In compliance with the provisions of the Federal Law on the Protection of Personal Data Held by Private Parties (hereinafter the &#8220;Law&#8221;), we inform you of the terms and conditions of the Personal Data Privacy Notice of Servicios Azucareros Integrales, S.A. de C.V., Ingenio Tres Valles S.A. de C.V., PIASA Ingenio Plan de San Luis S.A. de C.V., and Ingenio Adolfo L\u00f3pez Mateos S.A. de C.V., (hereinafter &#8220;Grupo PIASA&#8221;), with the address for the purposes of this Privacy Notice located at Calzada Marigalante No. 427, Fraccionamiento Las Am\u00e9ricas in Boca del R\u00edo, Veracruz, C.P. 94299. Grupo PIASA will be responsible for the personal data provided by individuals to whom the personal data belongs (hereinafter the &#8220;Data Subject&#8221;), either for itself or for any of its controlling, subsidiary, or affiliate companies.<\/p>\n\n\n\n<p>The Personal and\/or Sensitive Data collected directly from the Data Subject with their full consent will be used for the purposes described below, which are illustrative but not limiting: i) to identify you, ii) to locate you, iii) to communicate with you, iv) to send you information and\/or goods, v) for statistical purposes, as well as to transmit such data to third parties by any means allowed by law. The use of Personal and\/or Sensitive Data will be directly related to your relationship as a client, employee, or supplier.<\/p>\n\n\n\n<p>The information provided to Grupo PIASA will be duly safeguarded, maintained, and protected with appropriate technological and physical measures to prevent its loss, misuse, alteration, unauthorized access, or theft. Only individuals authorized by Grupo PIASA, whether employees, service providers, or business partners, who have committed to maintaining the information under strict confidentiality and security, will have access to this information. Employees are required to sign an annual Group Privacy Policy to this effect.<\/p>\n\n\n\n<p>Data Subjects have the right to request access, rectification, cancellation, or opposition to their data by submitting a written request addressed to Servicios Azucareros Integrales, S.A. de C.V. and\/or Ingenio Tres Valles S.A. de C.V. and\/or Ingenio Adolfo L\u00f3pez Mateos S.A. de C.V., at the following address: Calzada Marigalante No. 427, Fraccionamiento Las Am\u00e9ricas in Boca del R\u00edo, Veracruz, C.P. 94299, from 8:30 a.m. to 6:00 p.m. on business days, or by submitting a written request.<\/p>\n\n\n\n<p>This Privacy Notice, as well as the general handling of the Law by Grupo PIASA, is governed by the current and applicable legislation of the United Mexican States. Any dispute arising from its application must be resolved before the competent courts in the City of Veracruz, Veracruz.<\/p>\n\n\n\n<p><\/p>\n","protected":false},"excerpt":{"rendered":"<p>In compliance with the provisions of the Federal Law on the Protection of Personal Data Held by Private Parties (hereinafter the &#8220;Law&#8221;), we inform you of the terms and conditions of the Personal Data Privacy Notice of Servicios Azucareros Integrales, S.A. de C.V., Ingenio Tres Valles S.A. de C.V., PIASA Ingenio Plan de San Luis [&hellip;]<\/p>\n","protected":false},"author":1,"featured_media":0,"parent":0,"menu_order":0,"comment_status":"closed","ping_status":"open","template":"","meta":{"_et_pb_use_builder":"","_et_pb_old_content":"","_et_gb_content_width":"1080","footnotes":""},"class_list":["post-1751","page","type-page","status-publish","hentry"],"yoast_head":"<!-- This site is optimized with the Yoast SEO plugin v26.0 - https:\/\/yoast.com\/wordpress\/plugins\/seo\/ -->\n<title>Privacy Notice - Grupo Piasa<\/title>\n<meta name=\"description\" content=\"Reproductor de v\u00eddeoInnovaci\u00f3n, sostenibilidad y excelencia que endulzan al mundoFabricamos y comercializamos az\u00facar y sus derivados, atendiendo mercados nacionales e internacionales\" \/>\n<meta name=\"robots\" content=\"index, follow, max-snippet:-1, max-image-preview:large, max-video-preview:-1\" \/>\n<link rel=\"canonical\" href=\"https:\/\/grupopiasa.com\/newsite\/en\/privacy-notice\/\" \/>\n<meta property=\"og:locale\" content=\"en_US\" \/>\n<meta property=\"og:type\" content=\"article\" \/>\n<meta property=\"og:title\" content=\"Privacy Notice - Grupo Piasa\" \/>\n<meta property=\"og:description\" content=\"Reproductor de v\u00eddeoInnovaci\u00f3n, sostenibilidad y excelencia que endulzan al mundoFabricamos y comercializamos az\u00facar y sus derivados, atendiendo mercados nacionales e internacionales\" \/>\n<meta property=\"og:url\" content=\"https:\/\/grupopiasa.com\/newsite\/en\/privacy-notice\/\" \/>\n<meta property=\"og:site_name\" content=\"Grupo Piasa\" \/>\n<meta property=\"article:publisher\" content=\"https:\/\/www.facebook.com\/GrupoPiasaOficial\" \/>\n<meta property=\"article:modified_time\" content=\"2024-10-17T14:45:07+00:00\" \/>\n<meta property=\"og:image\" content=\"https:\/\/grupopiasa.com\/newsite\/wp-content\/uploads\/2024\/10\/grupo-piasa-logo.jpg\" \/>\n\t<meta property=\"og:image:width\" content=\"392\" \/>\n\t<meta property=\"og:image:height\" content=\"200\" \/>\n\t<meta property=\"og:image:type\" content=\"image\/jpeg\" \/>\n<meta name=\"twitter:card\" content=\"summary_large_image\" \/>\n<meta name=\"twitter:site\" content=\"@grupo_piasa\" \/>\n<meta name=\"twitter:label1\" content=\"Est. reading time\" \/>\n\t<meta name=\"twitter:data1\" content=\"2 minutes\" \/>\n<script type=\"application\/ld+json\" class=\"yoast-schema-graph\">{\"@context\":\"https:\/\/schema.org\",\"@graph\":[{\"@type\":\"WebPage\",\"@id\":\"https:\/\/grupopiasa.com\/newsite\/en\/privacy-notice\/\",\"url\":\"https:\/\/grupopiasa.com\/newsite\/en\/privacy-notice\/\",\"name\":\"Privacy Notice - Grupo Piasa\",\"isPartOf\":{\"@id\":\"https:\/\/grupopiasa.com\/newsite\/#website\"},\"datePublished\":\"2024-10-17T14:44:40+00:00\",\"dateModified\":\"2024-10-17T14:45:07+00:00\",\"description\":\"Reproductor de v\u00eddeoInnovaci\u00f3n, sostenibilidad y excelencia que endulzan al mundoFabricamos y comercializamos az\u00facar y sus derivados, atendiendo mercados nacionales e internacionales\",\"breadcrumb\":{\"@id\":\"https:\/\/grupopiasa.com\/newsite\/en\/privacy-notice\/#breadcrumb\"},\"inLanguage\":\"en-US\",\"potentialAction\":[{\"@type\":\"ReadAction\",\"target\":[\"https:\/\/grupopiasa.com\/newsite\/en\/privacy-notice\/\"]}]},{\"@type\":\"BreadcrumbList\",\"@id\":\"https:\/\/grupopiasa.com\/newsite\/en\/privacy-notice\/#breadcrumb\",\"itemListElement\":[{\"@type\":\"ListItem\",\"position\":1,\"name\":\"Home\",\"item\":\"https:\/\/grupopiasa.com\/newsite\/\"},{\"@type\":\"ListItem\",\"position\":2,\"name\":\"Privacy Notice\"}]},{\"@type\":\"WebSite\",\"@id\":\"https:\/\/grupopiasa.com\/newsite\/#website\",\"url\":\"https:\/\/grupopiasa.com\/newsite\/\",\"name\":\"Grupo Piasa\",\"description\":\"PROMOTORA INDUSTRIAL AZUCARERA, S.A. DE C.V\",\"publisher\":{\"@id\":\"https:\/\/grupopiasa.com\/newsite\/#organization\"},\"potentialAction\":[{\"@type\":\"SearchAction\",\"target\":{\"@type\":\"EntryPoint\",\"urlTemplate\":\"https:\/\/grupopiasa.com\/newsite\/?s={search_term_string}\"},\"query-input\":{\"@type\":\"PropertyValueSpecification\",\"valueRequired\":true,\"valueName\":\"search_term_string\"}}],\"inLanguage\":\"en-US\"},{\"@type\":\"Organization\",\"@id\":\"https:\/\/grupopiasa.com\/newsite\/#organization\",\"name\":\"Grupo Piasa\",\"url\":\"https:\/\/grupopiasa.com\/newsite\/\",\"logo\":{\"@type\":\"ImageObject\",\"inLanguage\":\"en-US\",\"@id\":\"https:\/\/grupopiasa.com\/newsite\/#\/schema\/logo\/image\/\",\"url\":\"https:\/\/grupopiasa.com\/newsite\/wp-content\/uploads\/2024\/10\/grupo-piasa-logo.jpg\",\"contentUrl\":\"https:\/\/grupopiasa.com\/newsite\/wp-content\/uploads\/2024\/10\/grupo-piasa-logo.jpg\",\"width\":392,\"height\":200,\"caption\":\"Grupo Piasa\"},\"image\":{\"@id\":\"https:\/\/grupopiasa.com\/newsite\/#\/schema\/logo\/image\/\"},\"sameAs\":[\"https:\/\/www.facebook.com\/GrupoPiasaOficial\",\"https:\/\/x.com\/grupo_piasa\",\"https:\/\/www.instagram.com\/accounts\/login\/?next=httpswww.instagram.comgrupopiasaoficial&is_from_rle\",\"https:\/\/www.linkedin.com\/company\/grupo-piasa\/\"]}]}<\/script>\n<!-- \/ Yoast SEO plugin. -->","yoast_head_json":{"title":"Privacy Notice - Grupo Piasa","description":"Reproductor de v\u00eddeoInnovaci\u00f3n, sostenibilidad y excelencia que endulzan al mundoFabricamos y comercializamos az\u00facar y sus derivados, atendiendo mercados nacionales e internacionales","robots":{"index":"index","follow":"follow","max-snippet":"max-snippet:-1","max-image-preview":"max-image-preview:large","max-video-preview":"max-video-preview:-1"},"canonical":"https:\/\/grupopiasa.com\/newsite\/en\/privacy-notice\/","og_locale":"en_US","og_type":"article","og_title":"Privacy Notice - Grupo Piasa","og_description":"Reproductor de v\u00eddeoInnovaci\u00f3n, sostenibilidad y excelencia que endulzan al mundoFabricamos y comercializamos az\u00facar y sus derivados, atendiendo mercados nacionales e internacionales","og_url":"https:\/\/grupopiasa.com\/newsite\/en\/privacy-notice\/","og_site_name":"Grupo Piasa","article_publisher":"https:\/\/www.facebook.com\/GrupoPiasaOficial","article_modified_time":"2024-10-17T14:45:07+00:00","og_image":[{"width":392,"height":200,"url":"https:\/\/grupopiasa.com\/newsite\/wp-content\/uploads\/2024\/10\/grupo-piasa-logo.jpg","type":"image\/jpeg"}],"twitter_card":"summary_large_image","twitter_site":"@grupo_piasa","twitter_misc":{"Est. reading time":"2 minutes"},"schema":{"@context":"https:\/\/schema.org","@graph":[{"@type":"WebPage","@id":"https:\/\/grupopiasa.com\/newsite\/en\/privacy-notice\/","url":"https:\/\/grupopiasa.com\/newsite\/en\/privacy-notice\/","name":"Privacy Notice - Grupo Piasa","isPartOf":{"@id":"https:\/\/grupopiasa.com\/newsite\/#website"},"datePublished":"2024-10-17T14:44:40+00:00","dateModified":"2024-10-17T14:45:07+00:00","description":"Reproductor de v\u00eddeoInnovaci\u00f3n, sostenibilidad y excelencia que endulzan al mundoFabricamos y comercializamos az\u00facar y sus derivados, atendiendo mercados nacionales e internacionales","breadcrumb":{"@id":"https:\/\/grupopiasa.com\/newsite\/en\/privacy-notice\/#breadcrumb"},"inLanguage":"en-US","potentialAction":[{"@type":"ReadAction","target":["https:\/\/grupopiasa.com\/newsite\/en\/privacy-notice\/"]}]},{"@type":"BreadcrumbList","@id":"https:\/\/grupopiasa.com\/newsite\/en\/privacy-notice\/#breadcrumb","itemListElement":[{"@type":"ListItem","position":1,"name":"Home","item":"https:\/\/grupopiasa.com\/newsite\/"},{"@type":"ListItem","position":2,"name":"Privacy Notice"}]},{"@type":"WebSite","@id":"https:\/\/grupopiasa.com\/newsite\/#website","url":"https:\/\/grupopiasa.com\/newsite\/","name":"Grupo Piasa","description":"PROMOTORA INDUSTRIAL AZUCARERA, S.A. DE C.V","publisher":{"@id":"https:\/\/grupopiasa.com\/newsite\/#organization"},"potentialAction":[{"@type":"SearchAction","target":{"@type":"EntryPoint","urlTemplate":"https:\/\/grupopiasa.com\/newsite\/?s={search_term_string}"},"query-input":{"@type":"PropertyValueSpecification","valueRequired":true,"valueName":"search_term_string"}}],"inLanguage":"en-US"},{"@type":"Organization","@id":"https:\/\/grupopiasa.com\/newsite\/#organization","name":"Grupo Piasa","url":"https:\/\/grupopiasa.com\/newsite\/","logo":{"@type":"ImageObject","inLanguage":"en-US","@id":"https:\/\/grupopiasa.com\/newsite\/#\/schema\/logo\/image\/","url":"https:\/\/grupopiasa.com\/newsite\/wp-content\/uploads\/2024\/10\/grupo-piasa-logo.jpg","contentUrl":"https:\/\/grupopiasa.com\/newsite\/wp-content\/uploads\/2024\/10\/grupo-piasa-logo.jpg","width":392,"height":200,"caption":"Grupo Piasa"},"image":{"@id":"https:\/\/grupopiasa.com\/newsite\/#\/schema\/logo\/image\/"},"sameAs":["https:\/\/www.facebook.com\/GrupoPiasaOficial","https:\/\/x.com\/grupo_piasa","https:\/\/www.instagram.com\/accounts\/login\/?next=httpswww.instagram.comgrupopiasaoficial&is_from_rle","https:\/\/www.linkedin.com\/company\/grupo-piasa\/"]}]}},"_links":{"self":[{"href":"https:\/\/grupopiasa.com\/newsite\/wp-json\/wp\/v2\/pages\/1751","targetHints":{"allow":["GET"]}}],"collection":[{"href":"https:\/\/grupopiasa.com\/newsite\/wp-json\/wp\/v2\/pages"}],"about":[{"href":"https:\/\/grupopiasa.com\/newsite\/wp-json\/wp\/v2\/types\/page"}],"author":[{"embeddable":true,"href":"https:\/\/grupopiasa.com\/newsite\/wp-json\/wp\/v2\/users\/1"}],"replies":[{"embeddable":true,"href":"https:\/\/grupopiasa.com\/newsite\/wp-json\/wp\/v2\/comments?post=1751"}],"version-history":[{"count":1,"href":"https:\/\/grupopiasa.com\/newsite\/wp-json\/wp\/v2\/pages\/1751\/revisions"}],"predecessor-version":[{"id":1752,"href":"https:\/\/grupopiasa.com\/newsite\/wp-json\/wp\/v2\/pages\/1751\/revisions\/1752"}],"wp:attachment":[{"href":"https:\/\/grupopiasa.com\/newsite\/wp-json\/wp\/v2\/media?parent=1751"}],"curies":[{"name":"wp","href":"https:\/\/api.w.org\/{rel}","templated":true}]}}