{"id":3,"date":"2024-06-17T20:56:54","date_gmt":"2024-06-17T20:56:54","guid":{"rendered":"https:\/\/grupopiasa.com\/newsite\/?page_id=3"},"modified":"2024-10-16T17:40:24","modified_gmt":"2024-10-16T23:40:24","slug":"aviso-de-privacidad","status":"publish","type":"page","link":"https:\/\/grupopiasa.com\/newsite\/aviso-de-privacidad\/","title":{"rendered":"Aviso de privacidad"},"content":{"rendered":"\n<p>En cumplimiento a lo dispuesto por la Ley Federal de Protecci\u00f3n de Datos Personales en Posesi\u00f3n de los Particulares (en adelante la \u201cLey\u201d) hacemos de su conocimiento los t\u00e9rminos y condiciones del Aviso de Privacidad de Datos Personales de Servicios Azucareros Integrales, S.A. de C.V., Ingenio Tres Valles S.A. de C.V., PIASA Ingenio Plan de San Luis S.A. de C.V. e Ingenio Adolfo L\u00f3pez Mateos S.A. de C.V., (en lo sucesivo (&#8220;Grupo PIASA&#8221;), se\u00f1alando para efectos del presente Aviso de Privacidad el domicilio ubicado en Calzada Marigalante n\u00famero 427, Fraccionamiento Las Am\u00e9ricas en Boca del R\u00edo, Veracruz, C.P. 94299, ser\u00e1 el responsable de los datos personales que le sean proporcionados por las personas f\u00edsicas a quien correspondan los datos personales, (en lo sucesivo &#8220;el Titular&#8221;), para s\u00ed o para cualquiera de las sociedades mercantiles que sean sus controladoras, subsidiarias o filiales.<\/p>\n\n\n\n<p>La informaci\u00f3n de Datos Personales y\/o Datos Sensibles, que es recolectada por Grupo PIASA de manera directa del Titular con su pleno consentimiento, tendr\u00e1 el uso que en forma enunciativa pero no limitativa se describe a continuaci\u00f3n: i) identificarle, ii) ubicarle iii) comunicarle, contactarse iv) enviarle informaci\u00f3n y\/o mercanc\u00eda, v) estad\u00edsticos, as\u00ed como su transmisi\u00f3n a terceros por cualquier medio que permita la ley. El uso de los Datos Personales y \/o Sensibles, tendr\u00e1n relaci\u00f3n directa con la relaci\u00f3n que usted tiene en su car\u00e1cter de cliente, trabajador o proveedor.<\/p>\n\n\n\n<p>La informaci\u00f3n que sea entregada a Grupo PIASA, ser\u00e1 debidamente resguardada, conservada y protegida, con los medios tecnol\u00f3gicos y f\u00edsicos adecuada a efecto de que se impida su p\u00e9rdida, mal uso, alteraci\u00f3n, acceso no autorizado y robo. S\u00f3lo tendr\u00e1n acceso a la informaci\u00f3n aquellas personas autorizadas por Grupo PIASA, ya sean trabajadores, proveedores de servicios, o socios de negocios, quienes han asumido el compromiso de mantener la informaci\u00f3n bajo un estricto orden de confidencialidad y seguridad; para ello los empleados firman anualmente una Pol\u00edtica de Privacidad del Grupo.<\/p>\n\n\n\n<p>Los Titulares de la informaci\u00f3n tendr\u00e1n derecho a solicitar el acceso, rectificaci\u00f3n, cancelaci\u00f3n u oposici\u00f3n de sus datos, mediante solicitud escrita dirigida a Servicios Azucareros Integrales, S.A. de C.V. y\/o Ingenio Tres Valles S.A. de C.V. y\/o&nbsp; Ingenio Adolfo L\u00f3pez Mateos S.A. de C.V., al siguiente domicilio: Calzada Marigalante n\u00famero 427, Fraccionamiento Las Am\u00e9ricas en Boca del R\u00edo, Veracruz, C.P. 94299, de las 8:30 a las 18:00 horas, en d\u00edas h\u00e1biles o mediante solicitud formulada.<\/p>\n\n\n\n<p>El presente Aviso de Privacidad, as\u00ed como el manejo en general de la Ley que haga Grupo PIASA, se rige por la legislaci\u00f3n vigente y aplicable en los Estados Unidos Mexicanos, cualquier controversia que se suscite con motivo de su aplicaci\u00f3n deber\u00e1 ventilarse ante los \u00d3rganos Jurisdiccionales competentes en la Ciudad de Veracruz, Veracruz.<\/p>\n\n\n\n<p><\/p>\n\n\n\n<p><\/p>\n","protected":false},"excerpt":{"rendered":"<p>En cumplimiento a lo dispuesto por la Ley Federal de Protecci\u00f3n de Datos Personales en Posesi\u00f3n de los Particulares (en adelante la \u201cLey\u201d) hacemos de su conocimiento los t\u00e9rminos y condiciones del Aviso de Privacidad de Datos Personales de Servicios Azucareros Integrales, S.A. de C.V., Ingenio Tres Valles S.A. de C.V., PIASA Ingenio Plan de [&hellip;]<\/p>\n","protected":false},"author":1,"featured_media":0,"parent":0,"menu_order":0,"comment_status":"closed","ping_status":"open","template":"","meta":{"_et_pb_use_builder":"","_et_pb_old_content":"","_et_gb_content_width":"1080","footnotes":""},"class_list":["post-3","page","type-page","status-publish","hentry"],"yoast_head":"<!-- This site is optimized with the Yoast SEO plugin v26.0 - https:\/\/yoast.com\/wordpress\/plugins\/seo\/ -->\n<title>Aviso de privacidad - Grupo Piasa<\/title>\n<meta name=\"description\" content=\"Reproductor de v\u00eddeoInnovaci\u00f3n, sostenibilidad y excelencia que endulzan al mundoFabricamos y comercializamos az\u00facar y sus derivados, atendiendo mercados nacionales e internacionales\" \/>\n<meta name=\"robots\" content=\"index, follow, max-snippet:-1, max-image-preview:large, max-video-preview:-1\" \/>\n<link rel=\"canonical\" href=\"https:\/\/grupopiasa.com\/newsite\/aviso-de-privacidad\/\" \/>\n<meta property=\"og:locale\" content=\"en_US\" \/>\n<meta property=\"og:type\" content=\"article\" \/>\n<meta property=\"og:title\" content=\"Aviso de privacidad - Grupo Piasa\" \/>\n<meta property=\"og:description\" content=\"Reproductor de v\u00eddeoInnovaci\u00f3n, sostenibilidad y excelencia que endulzan al mundoFabricamos y comercializamos az\u00facar y sus derivados, atendiendo mercados nacionales e internacionales\" \/>\n<meta property=\"og:url\" content=\"https:\/\/grupopiasa.com\/newsite\/aviso-de-privacidad\/\" \/>\n<meta property=\"og:site_name\" content=\"Grupo Piasa\" \/>\n<meta property=\"article:publisher\" content=\"https:\/\/www.facebook.com\/GrupoPiasaOficial\" \/>\n<meta property=\"article:modified_time\" content=\"2024-10-16T23:40:24+00:00\" \/>\n<meta property=\"og:image\" content=\"https:\/\/grupopiasa.com\/newsite\/wp-content\/uploads\/2024\/10\/grupo-piasa-logo.jpg\" \/>\n\t<meta property=\"og:image:width\" content=\"392\" \/>\n\t<meta property=\"og:image:height\" content=\"200\" \/>\n\t<meta property=\"og:image:type\" content=\"image\/jpeg\" \/>\n<meta name=\"twitter:card\" content=\"summary_large_image\" \/>\n<meta name=\"twitter:site\" content=\"@grupo_piasa\" \/>\n<meta name=\"twitter:label1\" content=\"Est. reading time\" \/>\n\t<meta name=\"twitter:data1\" content=\"3 minutes\" \/>\n<script type=\"application\/ld+json\" class=\"yoast-schema-graph\">{\"@context\":\"https:\/\/schema.org\",\"@graph\":[{\"@type\":\"WebPage\",\"@id\":\"https:\/\/grupopiasa.com\/newsite\/aviso-de-privacidad\/\",\"url\":\"https:\/\/grupopiasa.com\/newsite\/aviso-de-privacidad\/\",\"name\":\"Aviso de privacidad - Grupo Piasa\",\"isPartOf\":{\"@id\":\"https:\/\/grupopiasa.com\/newsite\/#website\"},\"datePublished\":\"2024-06-17T20:56:54+00:00\",\"dateModified\":\"2024-10-16T23:40:24+00:00\",\"description\":\"Reproductor de v\u00eddeoInnovaci\u00f3n, sostenibilidad y excelencia que endulzan al mundoFabricamos y comercializamos az\u00facar y sus derivados, atendiendo mercados nacionales e internacionales\",\"breadcrumb\":{\"@id\":\"https:\/\/grupopiasa.com\/newsite\/aviso-de-privacidad\/#breadcrumb\"},\"inLanguage\":\"en-US\",\"potentialAction\":[{\"@type\":\"ReadAction\",\"target\":[\"https:\/\/grupopiasa.com\/newsite\/aviso-de-privacidad\/\"]}]},{\"@type\":\"BreadcrumbList\",\"@id\":\"https:\/\/grupopiasa.com\/newsite\/aviso-de-privacidad\/#breadcrumb\",\"itemListElement\":[{\"@type\":\"ListItem\",\"position\":1,\"name\":\"Home\",\"item\":\"https:\/\/grupopiasa.com\/newsite\/\"},{\"@type\":\"ListItem\",\"position\":2,\"name\":\"Aviso de privacidad\"}]},{\"@type\":\"WebSite\",\"@id\":\"https:\/\/grupopiasa.com\/newsite\/#website\",\"url\":\"https:\/\/grupopiasa.com\/newsite\/\",\"name\":\"Grupo Piasa\",\"description\":\"PROMOTORA INDUSTRIAL AZUCARERA, S.A. DE C.V\",\"publisher\":{\"@id\":\"https:\/\/grupopiasa.com\/newsite\/#organization\"},\"potentialAction\":[{\"@type\":\"SearchAction\",\"target\":{\"@type\":\"EntryPoint\",\"urlTemplate\":\"https:\/\/grupopiasa.com\/newsite\/?s={search_term_string}\"},\"query-input\":{\"@type\":\"PropertyValueSpecification\",\"valueRequired\":true,\"valueName\":\"search_term_string\"}}],\"inLanguage\":\"en-US\"},{\"@type\":\"Organization\",\"@id\":\"https:\/\/grupopiasa.com\/newsite\/#organization\",\"name\":\"Grupo Piasa\",\"url\":\"https:\/\/grupopiasa.com\/newsite\/\",\"logo\":{\"@type\":\"ImageObject\",\"inLanguage\":\"en-US\",\"@id\":\"https:\/\/grupopiasa.com\/newsite\/#\/schema\/logo\/image\/\",\"url\":\"https:\/\/grupopiasa.com\/newsite\/wp-content\/uploads\/2024\/10\/grupo-piasa-logo.jpg\",\"contentUrl\":\"https:\/\/grupopiasa.com\/newsite\/wp-content\/uploads\/2024\/10\/grupo-piasa-logo.jpg\",\"width\":392,\"height\":200,\"caption\":\"Grupo Piasa\"},\"image\":{\"@id\":\"https:\/\/grupopiasa.com\/newsite\/#\/schema\/logo\/image\/\"},\"sameAs\":[\"https:\/\/www.facebook.com\/GrupoPiasaOficial\",\"https:\/\/x.com\/grupo_piasa\",\"https:\/\/www.instagram.com\/accounts\/login\/?next=httpswww.instagram.comgrupopiasaoficial&is_from_rle\",\"https:\/\/www.linkedin.com\/company\/grupo-piasa\/\"]}]}<\/script>\n<!-- \/ Yoast SEO plugin. -->","yoast_head_json":{"title":"Aviso de privacidad - Grupo Piasa","description":"Reproductor de v\u00eddeoInnovaci\u00f3n, sostenibilidad y excelencia que endulzan al mundoFabricamos y comercializamos az\u00facar y sus derivados, atendiendo mercados nacionales e internacionales","robots":{"index":"index","follow":"follow","max-snippet":"max-snippet:-1","max-image-preview":"max-image-preview:large","max-video-preview":"max-video-preview:-1"},"canonical":"https:\/\/grupopiasa.com\/newsite\/aviso-de-privacidad\/","og_locale":"en_US","og_type":"article","og_title":"Aviso de privacidad - Grupo Piasa","og_description":"Reproductor de v\u00eddeoInnovaci\u00f3n, sostenibilidad y excelencia que endulzan al mundoFabricamos y comercializamos az\u00facar y sus derivados, atendiendo mercados nacionales e internacionales","og_url":"https:\/\/grupopiasa.com\/newsite\/aviso-de-privacidad\/","og_site_name":"Grupo Piasa","article_publisher":"https:\/\/www.facebook.com\/GrupoPiasaOficial","article_modified_time":"2024-10-16T23:40:24+00:00","og_image":[{"width":392,"height":200,"url":"https:\/\/grupopiasa.com\/newsite\/wp-content\/uploads\/2024\/10\/grupo-piasa-logo.jpg","type":"image\/jpeg"}],"twitter_card":"summary_large_image","twitter_site":"@grupo_piasa","twitter_misc":{"Est. reading time":"3 minutes"},"schema":{"@context":"https:\/\/schema.org","@graph":[{"@type":"WebPage","@id":"https:\/\/grupopiasa.com\/newsite\/aviso-de-privacidad\/","url":"https:\/\/grupopiasa.com\/newsite\/aviso-de-privacidad\/","name":"Aviso de privacidad - Grupo Piasa","isPartOf":{"@id":"https:\/\/grupopiasa.com\/newsite\/#website"},"datePublished":"2024-06-17T20:56:54+00:00","dateModified":"2024-10-16T23:40:24+00:00","description":"Reproductor de v\u00eddeoInnovaci\u00f3n, sostenibilidad y excelencia que endulzan al mundoFabricamos y comercializamos az\u00facar y sus derivados, atendiendo mercados nacionales e internacionales","breadcrumb":{"@id":"https:\/\/grupopiasa.com\/newsite\/aviso-de-privacidad\/#breadcrumb"},"inLanguage":"en-US","potentialAction":[{"@type":"ReadAction","target":["https:\/\/grupopiasa.com\/newsite\/aviso-de-privacidad\/"]}]},{"@type":"BreadcrumbList","@id":"https:\/\/grupopiasa.com\/newsite\/aviso-de-privacidad\/#breadcrumb","itemListElement":[{"@type":"ListItem","position":1,"name":"Home","item":"https:\/\/grupopiasa.com\/newsite\/"},{"@type":"ListItem","position":2,"name":"Aviso de privacidad"}]},{"@type":"WebSite","@id":"https:\/\/grupopiasa.com\/newsite\/#website","url":"https:\/\/grupopiasa.com\/newsite\/","name":"Grupo Piasa","description":"PROMOTORA INDUSTRIAL AZUCARERA, S.A. DE C.V","publisher":{"@id":"https:\/\/grupopiasa.com\/newsite\/#organization"},"potentialAction":[{"@type":"SearchAction","target":{"@type":"EntryPoint","urlTemplate":"https:\/\/grupopiasa.com\/newsite\/?s={search_term_string}"},"query-input":{"@type":"PropertyValueSpecification","valueRequired":true,"valueName":"search_term_string"}}],"inLanguage":"en-US"},{"@type":"Organization","@id":"https:\/\/grupopiasa.com\/newsite\/#organization","name":"Grupo Piasa","url":"https:\/\/grupopiasa.com\/newsite\/","logo":{"@type":"ImageObject","inLanguage":"en-US","@id":"https:\/\/grupopiasa.com\/newsite\/#\/schema\/logo\/image\/","url":"https:\/\/grupopiasa.com\/newsite\/wp-content\/uploads\/2024\/10\/grupo-piasa-logo.jpg","contentUrl":"https:\/\/grupopiasa.com\/newsite\/wp-content\/uploads\/2024\/10\/grupo-piasa-logo.jpg","width":392,"height":200,"caption":"Grupo Piasa"},"image":{"@id":"https:\/\/grupopiasa.com\/newsite\/#\/schema\/logo\/image\/"},"sameAs":["https:\/\/www.facebook.com\/GrupoPiasaOficial","https:\/\/x.com\/grupo_piasa","https:\/\/www.instagram.com\/accounts\/login\/?next=httpswww.instagram.comgrupopiasaoficial&is_from_rle","https:\/\/www.linkedin.com\/company\/grupo-piasa\/"]}]}},"_links":{"self":[{"href":"https:\/\/grupopiasa.com\/newsite\/wp-json\/wp\/v2\/pages\/3","targetHints":{"allow":["GET"]}}],"collection":[{"href":"https:\/\/grupopiasa.com\/newsite\/wp-json\/wp\/v2\/pages"}],"about":[{"href":"https:\/\/grupopiasa.com\/newsite\/wp-json\/wp\/v2\/types\/page"}],"author":[{"embeddable":true,"href":"https:\/\/grupopiasa.com\/newsite\/wp-json\/wp\/v2\/users\/1"}],"replies":[{"embeddable":true,"href":"https:\/\/grupopiasa.com\/newsite\/wp-json\/wp\/v2\/comments?post=3"}],"version-history":[{"count":3,"href":"https:\/\/grupopiasa.com\/newsite\/wp-json\/wp\/v2\/pages\/3\/revisions"}],"predecessor-version":[{"id":1724,"href":"https:\/\/grupopiasa.com\/newsite\/wp-json\/wp\/v2\/pages\/3\/revisions\/1724"}],"wp:attachment":[{"href":"https:\/\/grupopiasa.com\/newsite\/wp-json\/wp\/v2\/media?parent=3"}],"curies":[{"name":"wp","href":"https:\/\/api.w.org\/{rel}","templated":true}]}}